e remainder when 23549251 is divided by 7849747?
10
Calculate the remainder when 573077 is divided by 2416.
485
What is the remainder when 660949967 is divided by 1353?
1349
Calculate the remainder when 34396924 is divided by 128.
124
What is the remainder when 358475253 is divided by 1082?
1079
Calculate the remainder when 1876750 is divided by 312781.
64
Calculate the remainder when 673758 is divided by 51.
48
Calculate the remainder when 2769958 is divided by 498.
82
Calculate the remainder when 8807725 is divided by 2055.
2050
Calculate the remainder when 13709 is divided by 53.
35
Calculate the remainder when 1837604 is divided by 232.
164
What is the remainder when 215636 is divided by 985?
906
What is the remainder when 101561 is divided by 3877?
759
What is the remainder when 41288265 is divided by 220?
205
What is the remainder when 49122 is divided by 83?
69
What is the remainder when 5585697 is divided by 620633?
0
What is the remainder when 2671631 is divided by 28727?
20
Calculate the remainder when 5681020 is divided by 23.
20
Calculate the remainder when 434720159 is divided by 2424.
2423
Calculate the remainder when 14648642 is divided by 14648640.
2
Calculate the remainder when 11303738 is divided by 1883936.
122
Calculate the remainder when 22844911 is divided by 456898.
11
Calculate the remainder when 79996 is divided by 9363.
5092
Calculate the remainder when 5626542 is divided by 1890.
12
What is the remainder when 8400761 is divided by 131?
124
What is the remainder when 541532 is divided by 191?
47
What is the remainder when 5049246 is divided by 229510?
26
Calculate the remainder when 310768 is divided by 16.
0
What is the remainder when 29096 is divided by 13633?
1830
Calculate the remainder when 108617169 is divided by 1293.
1290
What is the remainder when 29180126 is divided by 71171?
16
What is the remainder when 6563473 is divided by 1395?
1393
Calculate the remainder when 25342788 is divided by 27221.
37
What is the remainder when 651804 is divided by 217121?
441
Calculate the remainder when 160638 is divided by 2141.
63
Calculate the remainder when 46021778 is divided by 490.
488
What is the remainder when 4390865 is divided by 16507?
3
What is the remainder when 19953800 is divided by 111?
107
What is the remainder when 24200442 is divided by 15573?
0
What is the remainder when 192256 is divided by 567?
43
What is the remainder when 571422 is divided by 114281?
17
Calculate the remainder when 6933675 is divided by 2674.
2667
Calculate the remainder when 629981 is divided by 1307.
7
What is the remainder when 7767750 is divided by 2589247?
9
Calculate the remainder when 759415 is divided by 29.
21
What is the remainder when 561323 is divided by 25506?
191
What is the remainder when 13730102 is divided by 32?
22
Calculate the remainder when 546675 is divided by 971.
2
What is the remainder when 1245672 is divided by 156?
12
What is the remainder when 1124087 is divided by 207?
77
What is the remainder when 330750 is divided by 8939?
7
Calculate the remainder when 56547 is divided by 10811.
2492
What is the remainder when 640129 is divided by 30480?
49
What is the remainder when 89016056 is divided by 42?
38
Calculate the remainder when 5680760 is divided by 11.
8
What is the remainder when 32190 is divided by 546?
522
Calculate the remainder when 1001080 is divided by 104.
80
What is the remainder when 1071608276 is divided by 1249?
1248
What is the remainder when 36728 is divided by 470?
68
What is the remainder when 63612 is divided by 3762?
3420
Calculate the remainder when 359386 is divided by 44921.
18
What is the remainder when 32205 is divided by 5355?
75
What is the remainder when 99447 is divided by 1036?
1027
What is the remainder when 57162942 is divided by 62?
58
What is the remainder when 1426472 is divided by 713188?
96
Calculate the remainder when 816672 is divided by 358.
74
Calculate the remainder when 218785 is divided by 2956.
41
Calculate the remainder when 96965 is divided by 9.
8
Calculate the remainder when 1889020 is divided by 113.
112
Calculate the remainder when 755896 is divided by 570.
76
What is the remainder when 121079171 is divided by 31?
22
What is the remainder when 1452060 is divided by 43?
36
What is the remainder when 834159 is divided by 226?
219
What is the remainder when 286046 is divided by 71469?
170
Calculate the remainder when 1539835 is divided by 815.
300
Calculate the remainder when 11820278 is divided by 515.
513
What is the remainder when 278501 is divided by 12105?
86
What is the remainder when 334506 is divided by 1809?
1650
Calculate the remainder when 1487569 is divided by 21876.
1
What is the remainder when 48445526 is divided by 257?
255
What is the remainder when 49309022 is divided by 428?
426
What is the remainder when 274855 is divided by 1784?
119
Calculate the remainder when 23100 is divided by 22869.
231
Calculate the remainder when 11826695 is divided by 28.
27
Calculate the remainder when 15146891 is divided by 634.
631
What is the remainder when 47412499 is divided by 960?
19
What is the remainder when 671569 is divided by 1825?
1794
Calculate the remainder when 57450 is divided by 540.
210
What is the remainder when 7371423 is divided by 1228542?
171
Calculate the remainder when 1481616 is divided by 290.
6
Calculate the remainder when 28129610 is divided by 97.
95
What is the remainder when 43779451 is divided by 3063?
3055
What is the remainder when 112131 is divided by 108293?
3838
Calculate the remainder when 79961357 is divided by 529545.
62
Calculate the remainder when 1436529 is divided by 205217.
10
What is the remainder when 2186456 is divided by 6230?
5956
Calculate the remainder when 686730 is divided by 450.
30
What is the remainder when 10314004 is divided by 3291?
10
What is the remainder when 208449119 is divided by 376?
359
What is the remainder when 5793486 is divided by 3275?
11
Calculate the remainder when 200181 is divided by 49737.
1233
What is the remainder when 315049 is divided by 1040?
969
What is the remainder when 82280 is divided by 387?
236
What is the remainder when 82075 is divided by 1045?
565
Calculate the remainder when 4193 is divided by 1952.
289
What is the remainder when 24588011 is divided by 6146999?
15
Calculate the remainder when 132976886 is divided by 37799.
4
What is the remainder when 227230029 is divided by 13366472?
5
Calculate the remainder when 14207317 is divided by 8.
5
What is the remainder when 6975069 is divided by 406?
395
Calculate the remainder when 151060839 is divided by 99.
6
What is the remainder when 58301352 is divided by 16?
8
Calculate the remainder when 322187 is divided by 322093.
94
Calculate the remainder when 4243783 is divided by 132615.
103
What is the remainder when 897985 is divided by 1263?
1255
What is the remainder when 756749 is divided by 252232?
53
What is the remainder when 398137 is divided by 302?
101
Calculate the remainder when 144090 is divided by 19042.
10796
What is the remainder when 37057241 is divided by 406?
403
What is the remainder when 4351581 is divided by 4351568?
13
Calculate the remainder when 160409 is divided by 68.
65
Calculate the remainder when 558112 is divided by 701.
116
What is the remainder when 1510956 is divided by 189?
90
What is the remainder when 463149 is divided by 10?
9
Calculate the remainder when 11528566 is divided by 15685.
91
Calculate the remainder when 10397130 is divided by 2338.
44
Calculate the remainder when 250431 is divided by 551.
277
Calculate the remainder when 738549 is divided by 43.
24
Calculate the remainder when 507998 is divided by 507904.
94
Calculate the remainder when 2776480 is divided by 231371.
28
Calculate the remainder when 102016667 is divided by 10.
7
What is the remainder when 35018573 is divided by 486369?
5
What is the remainder when 51236924 is divided by 74?
64
Calculate the remainder when 61283977 is divided by 1157.
1
What is the remainder when 18224574 is divided by 1518714?
6
Calculate the remainder when 10016220 is divided by 609.
606
What is the remainder when 3409620 is divided by 121772?
4
What is the remainder when 12399 is divided by 6076?
247
What is the remainder when 821364 is d